{"id":14895,"date":"2024-11-20T09:54:29","date_gmt":"2024-11-20T08:54:29","guid":{"rendered":"https:\/\/www.vrep.de\/?post_type=unternehmen&#038;p=14895"},"modified":"2025-05-06T10:54:54","modified_gmt":"2025-05-06T08:54:54","slug":"dekom-gmbh","status":[26],"type":"unternehmen","link":"https:\/\/www.vrep.de\/en\/unternehmen\/dekom-gmbh\/","title":{"rendered":"DEKOM GmbH"},"content":{"rendered":"<h3>Das Unternehmen<\/h3>\n<p>Die DEKOM GmbH ist ein f\u00fchrendes internationales IT-Systemhaus mit Schwerpunkt auf ma\u00dfgeschneiderten audiovisuellen Konferenz- und Kollaborationsl\u00f6sungen. Mit \u00fcber 25 Jahren Erfahrung, \u00fcber 200 Mitarbeitern und mehr als 6.000 Kunden ist DEKOM ein internationaler AV-Integrator mit Standorten in Europa \u2013 u.a. Deutschland, Spanien, Niederlande, Belgien und Schweiz \u2013 sowie den USA. DEKOM zeichnet sich insbesondere durch kundenindividuelle L\u00f6sungen, hohe technische Kompetenz sowie einen einzigartigen Vertriebsansatz aus. Hierbei agiert DEKOM als One-Stop-Shop und \u00fcbernimmt f\u00fcr seine Kunden Planung und Konzeption, Installation von Hard- und Software und bietet dar\u00fcber hinaus Lizenzen, Cloudservices sowie Wartungsservices an.<\/p>\n<h3>Beteiligung<\/h3>\n<p>VREP hat im November 2024 gemeinsam mit der S\u00fcdBG eine Mehrheitsbeteiligung \u00fcbernommen. Der aktuelle Gruppen-CEO leitet das Unternehmen weiterhin und hat sich gemeinsam mit mehreren Managern der ausl\u00e4ndischen Tochtergesellschaften im Rahmen der Transaktion signifikant beteiligt. Die gemeinsame Vision ist, DEKOMs f\u00fchrende Rolle auf dem europ\u00e4ischen Markt f\u00fcr Audio- und Videotechnik unter Ber\u00fccksichtigung von Megatrends wie ESG und AI weiter auszubauen und neue Wachstumsm\u00e4rkte zu erschlie\u00dfen.<\/p>\n","protected":false},"featured_media":14896,"parent":0,"menu_order":0,"template":"","format":"standard","meta":{"_acf_changed":false,"footnotes":""},"categories":[],"tags":[],"branche":[150],"anlass":[36],"instrument":[31],"groesse":[43],"seitentyp":[],"class_list":["post-14895","unternehmen","type-unternehmen","status-publish","format-standard","has-post-thumbnail","hentry","branche-software-it","status-aktuelle-beteiligung","anlass-unternehmensnachfolge","instrument-direktbeteiligung","groesse-bis-300"],"acf":[],"_links":{"self":[{"href":"https:\/\/www.vrep.de\/en\/wp-json\/wp\/v2\/unternehmen\/14895","targetHints":{"allow":["GET"]}}],"collection":[{"href":"https:\/\/www.vrep.de\/en\/wp-json\/wp\/v2\/unternehmen"}],"about":[{"href":"https:\/\/www.vrep.de\/en\/wp-json\/wp\/v2\/types\/unternehmen"}],"version-history":[{"count":3,"href":"https:\/\/www.vrep.de\/en\/wp-json\/wp\/v2\/unternehmen\/14895\/revisions"}],"predecessor-version":[{"id":16758,"href":"https:\/\/www.vrep.de\/en\/wp-json\/wp\/v2\/unternehmen\/14895\/revisions\/16758"}],"wp:featuredmedia":[{"embeddable":true,"href":"https:\/\/www.vrep.de\/en\/wp-json\/wp\/v2\/media\/14896"}],"wp:attachment":[{"href":"https:\/\/www.vrep.de\/en\/wp-json\/wp\/v2\/media?parent=14895"}],"wp:term":[{"taxonomy":"category","embeddable":true,"href":"https:\/\/www.vrep.de\/en\/wp-json\/wp\/v2\/categories?post=14895"},{"taxonomy":"post_tag","embeddable":true,"href":"https:\/\/www.vrep.de\/en\/wp-json\/wp\/v2\/tags?post=14895"},{"taxonomy":"branche","embeddable":true,"href":"https:\/\/www.vrep.de\/en\/wp-json\/wp\/v2\/branche?post=14895"},{"taxonomy":"status","embeddable":true,"href":"https:\/\/www.vrep.de\/en\/wp-json\/wp\/v2\/status?post=14895"},{"taxonomy":"anlass","embeddable":true,"href":"https:\/\/www.vrep.de\/en\/wp-json\/wp\/v2\/anlass?post=14895"},{"taxonomy":"instrument","embeddable":true,"href":"https:\/\/www.vrep.de\/en\/wp-json\/wp\/v2\/instrument?post=14895"},{"taxonomy":"groesse","embeddable":true,"href":"https:\/\/www.vrep.de\/en\/wp-json\/wp\/v2\/groesse?post=14895"},{"taxonomy":"seitentyp","embeddable":true,"href":"https:\/\/www.vrep.de\/en\/wp-json\/wp\/v2\/seitentyp?post=14895"}],"curies":[{"name":"wp","href":"https:\/\/api.w.org\/{rel}","templated":true}]}}

<h3>Das Unternehmen</h3>
<p>Die DEKOM GmbH ist ein führendes internationales IT-Systemhaus mit Schwerpunkt auf maßgeschneiderten audiovisuellen Konferenz- und Kollaborationslösungen. Mit über 25 Jahren Erfahrung, über 200 Mitarbeitern und mehr als 6.000 Kunden ist DEKOM ein internationaler AV-Integrator mit Standorten in Europa – u.a. Deutschland, Spanien, Niederlande, Belgien und Schweiz – sowie den USA. DEKOM zeichnet sich insbesondere durch kundenindividuelle Lösungen, hohe technische Kompetenz sowie einen einzigartigen Vertriebsansatz aus. Hierbei agiert DEKOM als One-Stop-Shop und übernimmt für seine Kunden Planung und Konzeption, Installation von Hard- und Software und bietet darüber hinaus Lizenzen, Cloudservices sowie Wartungsservices an.</p>
<h3>Beteiligung</h3>
<p>VREP hat im November 2024 gemeinsam mit der SüdBG eine Mehrheitsbeteiligung übernommen. Der aktuelle Gruppen-CEO leitet das Unternehmen weiterhin und hat sich gemeinsam mit mehreren Managern der ausländischen Tochtergesellschaften im Rahmen der Transaktion signifikant beteiligt. Die gemeinsame Vision ist, DEKOMs führende Rolle auf dem europäischen Markt für Audio- und Videotechnik unter Berücksichtigung von Megatrends wie ESG und AI weiter auszubauen und neue Wachstumsmärkte zu erschließen.</p>
